48
Calculate the greatest common factor of 5980 and 52.
52
Calculate the greatest common divisor of 4 and 80.
4
Calculate the greatest common factor of 19788 and 255.
51
Calculate the highest common divisor of 216 and 15.
3
Calculate the highest common divisor of 65 and 3185.
65
Calculate the highest common divisor of 5406 and 204.
102
What is the highest common divisor of 15 and 2140?
5
What is the greatest common factor of 10 and 23640?
10
Calculate the greatest common divisor of 24 and 27.
3
What is the highest common divisor of 48 and 3408?
48
Calculate the greatest common divisor of 90 and 10.
10
What is the greatest common factor of 994 and 28?
14
What is the greatest common divisor of 65772 and 203?
203
Calculate the highest common factor of 18225 and 150.
75
What is the greatest common factor of 8 and 184?
8
What is the greatest common divisor of 156 and 260?
52
What is the greatest common divisor of 256 and 44?
4
What is the highest common divisor of 162 and 1944?
162
What is the greatest common factor of 25 and 65?
5
What is the highest common factor of 354 and 24?
6
What is the greatest common factor of 9 and 1?
1
Calculate the highest common factor of 14 and 588.
14
Calculate the greatest common factor of 8766 and 234.
18
What is the greatest common divisor of 143 and 11?
11
What is the highest common divisor of 24 and 8?
8
Calculate the greatest common divisor of 1758 and 3.
3
Calculate the greatest common factor of 1311 and 513.
57
What is the greatest common factor of 200 and 550?
50
What is the highest common factor of 832 and 12688?
208
What is the greatest common factor of 15 and 100?
5
What is the greatest common factor of 7150 and 26?
26
What is the greatest common divisor of 693 and 21?
21
Calculate the greatest common divisor of 24 and 996.
12
Calculate the greatest common divisor of 25 and 4075.
25
What is the highest common factor of 84 and 567?
21
Calculate the greatest common factor of 203 and 406.
203
What is the greatest common divisor of 8032 and 16?
16
Calculate the greatest common divisor of 38 and 98.
2
What is the greatest common divisor of 15 and 15?
15
What is the greatest common factor of 2072 and 112?
56
Calculate the highest common factor of 592 and 32.
16
Calculate the highest common divisor of 4232 and 8.
8
What is the highest common divisor of 22 and 506?
22
Calculate the greatest common divisor of 5346 and 154.
22
Calculate the greatest common divisor of 472 and 8.
8
Calculate the highest common divisor of 580 and 1102.
58
What is the greatest common divisor of 1802 and 374?
34
What is the highest common factor of 4165 and 490?
245
Calculate the greatest common factor of 74 and 1591.
37
Calculate the highest common factor of 68 and 1088.
68
Calculate the greatest common divisor of 4 and 16.
4
Calculate the greatest common factor of 12 and 116.
4
What is the highest common divisor of 10290 and 1155?
105
Calculate the greatest common factor of 84 and 140.
28
Calculate the highest common factor of 112 and 752.
16
Calculate the highest common factor of 5560 and 4.
4
Calculate the greatest common divisor of 2128 and 76.
76
What is the greatest common factor of 1015 and 1624?
203
What is the greatest common factor of 104 and 12532?
52
What is the greatest common factor of 27098 and 68?
34
Calculate the greatest common factor of 45 and 930.
15
Calculate the greatest common divisor of 1775 and 142.
71
What is the highest common factor of 88 and 152?
8
Calculate the greatest common factor of 1760 and 1650.
110
What is the highest common divisor of 26 and 2353?
13
Calculate the highest common divisor of 637 and 1001.
91
What is the highest common factor of 222 and 114?
6
What is the greatest common factor of 2105 and 15?
5
What is the greatest common factor of 17 and 5576?
17
Calculate the greatest common divisor of 9260 and 180.
20
Calculate the greatest common factor of 21 and 2.
1
Calculate the greatest common divisor of 258 and 16856.
86
Calculate the highest common divisor of 28 and 18.
2
Calculate the greatest common divisor of 582 and 194.
194
What is the greatest common divisor of 1748 and 46?
46
What is the highest common divisor of 128 and 2432?
128
What is the highest common divisor of 2613 and 1?
1
What is the greatest common factor of 5488 and 16?
16
What is the highest common factor of 130 and 450?
10
What is the greatest common divisor of 3478 and 1184?
74
What is the highest common factor of 24319 and 83?
83
What is the highest common factor of 243 and 6?
3
Calculate the greatest common divisor of 1197 and 189.
63
Calculate the highest common factor of 1778 and 28.
14
Calculate the greatest common divisor of 1177 and 11.
11
Calculate the highest common factor of 76 and 4864.
76
What is the highest common divisor of 682 and 814?
22
Calculate the greatest common factor of 154 and 70.
14
What is the greatest common divisor of 37 and 481?
37
Calculate the highest common factor of 155 and 20.
5
What is the greatest common factor of 89 and 41563?
89
What is the highest common divisor of 507 and 221?
13
What is the highest common divisor of 37 and 33374?
37
Calculate the highest common divisor of 61 and 34709.
61
Calculate the greatest common factor of 212 and 64.
4
What is the highest common divisor of 540 and 3220?
20
Calculate the greatest common divisor of 225 and 3900.
75
Calculate the greatest common divisor of 361 and 2033.
19
Calculate the greatest common factor of 400 and 32.
16
What is the highest common divisor of 600 and 48?
24
What is the highest common factor of 376 and 16?
8
What is the highest common factor of 836 and 55?
11
Calculate the greatest common factor of 992 and 64.
32
What is the greatest common factor of 41 and 10537?
41
What is the highest common factor of 530 and 3260?
10
What is the highest common divisor of 36 and 192?
12
What is the greatest common factor of 85 and 20?
5
What is the highest common factor of 6872 and 24?
8
What is the highest common divisor of 708 and 60?
12
What is the greatest common factor of 13 and 377?
13
Calculate the greatest common divisor of 5625 and 135.
45
What is the highest common divisor of 2212 and 756?
28
What is the highest common divisor of 1215 and 45?
45
What is the greatest common divisor of 72 and 1944?
72
What is the greatest common divisor of 1136 and 544?
16
Calculate the highest common factor of 16544 and 264.
88
Calculate the greatest common factor of 26224 and 352.
176
What is the highest common divisor of 65 and 52?
13
What is the greatest common factor of 195 and 650?
65
What is the highest common factor of 48 and 120?
24
What is the greatest common factor of 363 and 561?
33
Calculate the greatest common factor of 66 and 9042.
66
What is the highest common factor of 272 and 1241?
17
Calculate the highest common divisor of 17595 and 180.
45
What is the highest common factor of 150 and 435?
15
What is the highest common factor of 45 and 19242?
9
Calculate the highest common factor of 91 and 13741.
91
Calculate the greatest common divisor of 33 and 135003.
33
What is the greatest common factor of 231 and 189?
21
What is the greatest common factor of 110 and 70?
10
Calculate the highest common factor of 450 and 250.
50
Calculate the greatest common factor of 495 and 165.
165
Calculate the highest common divisor of 11050 and 195.
65
Calculate the greatest common factor of 2 and 41.
1
What is the highest common factor of 1743 and 42?
21
What is the highest common factor of 413 and 354?
59
Calculate the greatest common factor of 26 and 689.
13
What is the highest common factor of 2148 and 204?
12
What is the greatest common divisor of 512 and 8?
8
What is the greatest common divisor of 963 and 18?
9
Calculate the greatest common divisor of 215 and 10.
5
What is the greatest common divisor of 1395 and 60?
15
Calculate the highest common factor of 189 and 105.
21
Calculate the greatest common divisor of 1598 and 235.
47
Calculate the greatest common factor of 1125 and 9.
9
What is the highest common divisor of 741 and 1755?
39
What is the greatest common factor of 40032 and 288?
288
Calculate the highest common factor of 391 and 23.
23
Calculate the highest common divisor of 468 and 9.
9
Calculate the highest common divisor of 14